{"id":8,"date":"2023-07-04T17:08:55","date_gmt":"2023-07-04T21:08:55","guid":{"rendered":"https:\/\/devimco.com\/courtiers\/?page_id=8"},"modified":"2024-02-05T09:58:33","modified_gmt":"2024-02-05T14:58:33","slug":"accueil","status":"publish","type":"page","link":"https:\/\/devimco.com\/courtiers\/","title":{"rendered":"Accueil"},"content":{"rendered":"<div class=\"wpb-content-wrapper\">[vc_section][vc_row fullwidth=\u00a0\u00bbtrue\u00a0\u00bb][vc_column][vc_single_image image=\u00a0\u00bb9&Prime; img_size=\u00a0\u00bbfull\u00a0\u00bb alignment=\u00a0\u00bbcenter\u00a0\u00bb css_animation=\u00a0\u00bbnone\u00a0\u00bb el_class=\u00a0\u00bbimg-radius\u00a0\u00bb][\/vc_column][\/vc_row][\/vc_section][vc_section][vc_row][vc_column][mk_padding_divider size=\u00a0\u00bb50&Prime; visibility=\u00a0\u00bbhidden-sm\u00a0\u00bb][vc_column_text disable_pattern=\u00a0\u00bbfalse\u00a0\u00bb align=\u00a0\u00bbcenter\u00a0\u00bb el_class=\u00a0\u00bbcontenu-padding\u00a0\u00bb css=\u00a0\u00bb.vc_custom_1698343230544{margin-bottom: 0px !important;}\u00a0\u00bb]\n<h1>Courtiers Privil\u00e8ges<\/h1>\n<p>&nbsp;<\/p>\n<p>Inscrivez-vous \u00e0 la plateforme Courtiers Privil\u00e8ges et profitez d\u2019un acc\u00e8s complet \u00e0 tous les renseignements concernant les projets immobiliers de Devimco Immobilier ainsi qu\u2019\u00e0 nos offres et promotions en cours.<\/p>\n<p>Devimco Immobilier est fier de travailler avec les leaders de l\u2019industrie. En tant que partenaire de confiance, vous contribuez \u00e0 notre succ\u00e8s. C\u2019est pourquoi nous vous proposons une plateforme qui vous est consacr\u00e9e et sur laquelle vous trouverez tous les outils dont vous avez besoin pour r\u00e9pondre aux besoins de vos clients.[\/vc_column_text][mk_padding_divider size=\u00a0\u00bb25&Prime;][vc_column_text disable_pattern=\u00a0\u00bbfalse\u00a0\u00bb align=\u00a0\u00bbcenter\u00a0\u00bb css=\u00a0\u00bb.vc_custom_1696533997208{margin-bottom: 0px !important;}\u00a0\u00bb]<strong class=\"phrase-emphase\">Inscrivez-vous maintenant pour devenir Courtier Privil\u00e8ge<\/strong>\u00a0\u00a0<a class=\"btn btn-mauve btn-push-left\" href=\"#formulaire\">Inscrivez-vous<\/a>[\/vc_column_text][\/vc_column][\/vc_row][\/vc_section][vc_section][vc_row][vc_column][mk_padding_divider size=\u00a0\u00bb100&Prime;][vc_column_text disable_pattern=\u00a0\u00bbfalse\u00a0\u00bb align=\u00a0\u00bbcenter\u00a0\u00bb el_class=\u00a0\u00bbcontenu-padding\u00a0\u00bb css=\u00a0\u00bb.vc_custom_1696538131309{margin-bottom: 0px !important;}\u00a0\u00bb]\n<h2>Carte interactive des projets sign\u00e9s Groupe\u00a0Devimco<\/h2>\n[\/vc_column_text][vc_raw_html]JTVCbWFwX3Byb2pldHMlNUQ=[\/vc_raw_html][mk_padding_divider size=\u00a0\u00bb100&Prime;][\/vc_column][\/vc_row][\/vc_section][vc_section el_class=\u00a0\u00bbsection-inscription\u00a0\u00bb el_id=\u00a0\u00bbformulaire\u00a0\u00bb][vc_row css=\u00a0\u00bb.vc_custom_1693495680553{background-color: #69256f !important;}\u00a0\u00bb el_class=\u00a0\u00bbrow-formulaire\u00a0\u00bb][vc_column][mk_padding_divider size=\u00a0\u00bb75&Prime;][vc_column_text disable_pattern=\u00a0\u00bbfalse\u00a0\u00bb align=\u00a0\u00bbcenter\u00a0\u00bb el_class=\u00a0\u00bbcontenu-padding\u00a0\u00bb css=\u00a0\u00bb.vc_custom_1696511310339{margin-bottom: 0px !important;}\u00a0\u00bb]\n<h2>Inscrivez-vous<\/h2>\n<p>Pour recevoir votre acc\u00e8s Courtier Privil\u00e8ge, remplissez le formulaire ci-joint.[\/vc_column_text][mk_padding_divider size=\u00a0\u00bb25&Prime;]\n<div class=\"wpcf7 no-js\" id=\"wpcf7-f5-o1\" lang=\"fr-CA\" dir=\"ltr\" data-wpcf7-id=\"5\">\n<div class=\"screen-reader-response\"><p role=\"status\" aria-live=\"polite\" aria-atomic=\"true\"><\/p> <ul><\/ul><\/div>\n<form action=\"\/courtiers\/wp-json\/wp\/v2\/pages\/8#wpcf7-f5-o1\" method=\"post\" class=\"wpcf7-form init demo\" aria-label=\"Contact form\" novalidate=\"novalidate\" data-status=\"init\">\n<fieldset class=\"hidden-fields-container\"><input type=\"hidden\" name=\"_wpcf7\" value=\"5\" \/><input type=\"hidden\" name=\"_wpcf7_version\" value=\"6.1.5\" \/><input type=\"hidden\" name=\"_wpcf7_locale\" value=\"fr_CA\" \/><input type=\"hidden\" name=\"_wpcf7_unit_tag\" value=\"wpcf7-f5-o1\" \/><input type=\"hidden\" name=\"_wpcf7_container_post\" value=\"0\" \/><input type=\"hidden\" name=\"_wpcf7_posted_data_hash\" value=\"\" \/>\n<\/fieldset>\n<p style=\"display:none\"><br \/>\n<input class=\"wpcf7-form-control wpcf7-hiddenhidden\" aria-invalid=\"false\" value=\"\" type=\"hidden\" name=\"guid\" \/><input class=\"wpcf7-form-control wpcf7-hiddenhidden\" aria-invalid=\"false\" value=\"LAS-193844-08\" type=\"hidden\" name=\"domainAccountId\" \/><input class=\"wpcf7-form-control wpcf7-hiddenhidden\" id=\"followUpProcessId\" aria-invalid=\"false\" value=\"80630\" type=\"hidden\" name=\"followUpProcessId\" \/><input class=\"wpcf7-form-control wpcf7-hiddenhidden\" id=\"registrationPageIdentifier\" aria-invalid=\"false\" value=\"online\" type=\"hidden\" name=\"registrationPageIdentifier\" \/><br \/>\n<input class=\"wpcf7-form-control wpcf7-hiddenhidden\" aria-invalid=\"false\" value=\"\" type=\"hidden\" name=\"Questions-88637\" \/><br \/>\n<input class=\"wpcf7-form-control wpcf7-hiddenhidden\" aria-invalid=\"false\" value=\"\" type=\"hidden\" name=\"Questions-88638\" \/><br \/>\n<input class=\"wpcf7-form-control wpcf7-hiddenhidden\" aria-invalid=\"false\" value=\"\" type=\"hidden\" name=\"Questions-88640\" \/><br \/>\n<input class=\"wpcf7-form-control wpcf7-hiddenhidden\" aria-invalid=\"false\" value=\"\" type=\"hidden\" name=\"Questions-102963\" \/><br \/>\n<input class=\"wpcf7-form-control wpcf7-hiddenhidden\" aria-invalid=\"false\" value=\"\" type=\"hidden\" name=\"Questions-102964\" \/><br \/>\n<input class=\"wpcf7-form-control wpcf7-hiddenhidden\" aria-invalid=\"false\" value=\"\" type=\"hidden\" name=\"Questions-122174\" \/><br \/>\n<input class=\"wpcf7-form-control wpcf7-hiddenhidden\" aria-invalid=\"false\" value=\"\" type=\"hidden\" name=\"Questions-122175\" \/><br \/>\n<input class=\"wpcf7-form-control wpcf7-hiddenhidden\" aria-invalid=\"false\" value=\"\" type=\"hidden\" name=\"Questions-127582\" \/><br \/>\n<input class=\"wpcf7-form-control wpcf7-hiddenhidden\" aria-invalid=\"false\" value=\"\" type=\"hidden\" name=\"Questions-127583\" \/><br \/>\n<input class=\"wpcf7-form-control wpcf7-hiddenhidden\" aria-invalid=\"false\" value=\"\" type=\"hidden\" name=\"Questions-127584\" \/><br \/>\n<input class=\"wpcf7-form-control wpcf7-hiddenhidden\" aria-invalid=\"false\" value=\"%s\" type=\"hidden\" name=\"GAClient\" \/><br \/>\n<input class=\"wpcf7-form-control wpcf7-hiddenhidden\" id=\"gclid\" aria-invalid=\"false\" value=\"\" type=\"hidden\" name=\"Questions-127585\" \/><br \/>\n<input class=\"wpcf7-form-control wpcf7-hiddenhidden\" id=\"utm_sourcetype\" aria-invalid=\"false\" value=\"Online Registration\" type=\"hidden\" name=\"utm_sourcetype\" \/><br \/>\n<input class=\"wpcf7-form-control wpcf7-hiddenhidden\" id=\"SourceTypeID\" aria-invalid=\"false\" value=\"23551\" type=\"hidden\" name=\"SourceTypeID\" \/>\n<\/p>\n<div id=\"form-fr\" class=\"wrap-formulaire formulaire-inscription\">\n\t<div class=\"footer-registration-form\">\n\t\t<div class=\"row-form\">\n\t\t\t<div class=\"row-form-single-col\">\n\t\t\t\t<p><span class=\"wpcf7-form-control-wrap\" data-name=\"NameTitle\"><select class=\"wpcf7-form-control wpcf7-select\" aria-invalid=\"false\" name=\"NameTitle\"><option value=\"\">Salutation<\/option><option value=\"M.\">M.<\/option><option value=\"Mme\">Mme<\/option><\/select><\/span>\n\t\t\t\t<\/p>\n\t\t\t<\/div>\n\t\t<\/div>\n\t\t<div class=\"row-form\">\n\t\t\t<div class=\"col-form\">\n\t\t\t\t<p><span class=\"wpcf7-form-control-wrap\" data-name=\"LastName\"><input size=\"40\" maxlength=\"400\" class=\"wpcf7-form-control wpcf7-text wpcf7-validates-as-required\" aria-required=\"true\" aria-invalid=\"false\" placeholder=\"Nom *\" value=\"\" type=\"text\" name=\"LastName\" \/><\/span>\n\t\t\t\t<\/p>\n\t\t\t<\/div>\n\t\t\t<div class=\"col-form\">\n\t\t\t\t<p><span class=\"wpcf7-form-control-wrap\" data-name=\"Emails-Primary\"><input size=\"40\" maxlength=\"400\" class=\"wpcf7-form-control wpcf7-email wpcf7-validates-as-required wpcf7-text wpcf7-validates-as-email\" aria-required=\"true\" aria-invalid=\"false\" placeholder=\"Courriel *\" value=\"\" type=\"email\" name=\"Emails-Primary\" \/><\/span>\n\t\t\t\t<\/p>\n\t\t\t<\/div>\n\t\t<\/div>\n\t\t<div class=\"row-form\">\n\t\t\t<div class=\"col-form\">\n\t\t\t\t<p><span class=\"wpcf7-form-control-wrap\" data-name=\"FirstName\"><input size=\"40\" maxlength=\"400\" class=\"wpcf7-form-control wpcf7-text wpcf7-validates-as-required\" aria-required=\"true\" aria-invalid=\"false\" placeholder=\"Pr\u00e9nom *\" value=\"\" type=\"text\" name=\"FirstName\" \/><\/span>\n\t\t\t\t<\/p>\n\t\t\t<\/div>\n\t\t\t<div class=\"col-form\">\n\t\t\t\t<p><span class=\"wpcf7-form-control-wrap\" data-name=\"Phones-Home\"><input size=\"40\" maxlength=\"400\" class=\"wpcf7-form-control wpcf7-tel wpcf7-validates-as-required wpcf7-text wpcf7-validates-as-tel\" aria-required=\"true\" aria-invalid=\"false\" placeholder=\"T\u00e9l\u00e9phone *\" value=\"\" type=\"tel\" name=\"Phones-Home\" \/><\/span>\n\t\t\t\t<\/p>\n\t\t\t<\/div>\n\t\t<\/div>\n\t\t<div class=\"row-form\">\n\t\t\t<div class=\"col-form\">\n\t\t\t\t<p><span class=\"wpcf7-form-control-wrap\" data-name=\"Questions-116953\"><input size=\"40\" maxlength=\"400\" class=\"wpcf7-form-control wpcf7-text wpcf7-validates-as-required\" aria-required=\"true\" aria-invalid=\"false\" placeholder=\"Nom de la firme de courtage *\" value=\"\" type=\"text\" name=\"Questions-116953\" \/><\/span>\n\t\t\t\t<\/p>\n\t\t\t<\/div>\n\t\t\t<div class=\"col-form\">\n\t\t\t\t<p><span class=\"wpcf7-form-control-wrap\" data-name=\"Questions-45028\"><input size=\"40\" maxlength=\"400\" class=\"wpcf7-form-control wpcf7-text wpcf7-validates-as-required\" aria-required=\"true\" aria-invalid=\"false\" placeholder=\"Num\u00e9ro de licence (OACIQ) *\" value=\"\" type=\"text\" name=\"Questions-45028\" \/><\/span>\n\t\t\t\t<\/p>\n\t\t\t<\/div>\n\t\t<\/div>\n\t\t<div class=\"row-form\">\n\t\t\t<div class=\"col-form radio-langue\">\n\t\t\t\t<p>Dans quelle langue souhaitez-vous que l\u2019on communique avec vous?\n\t\t\t\t<\/p>\n\t\t\t\t<p><span class=\"wpcf7-form-control-wrap\" data-name=\"Questions-16533\"><span class=\"wpcf7-form-control wpcf7-radio\" id=\"Questions-16533\"><span class=\"wpcf7-list-item first\"><label><input type=\"radio\" name=\"Questions-16533\" value=\"FR\" checked=\"checked\" \/><span class=\"wpcf7-list-item-label\">FR<\/span><\/label><\/span><span class=\"wpcf7-list-item\"><label><input type=\"radio\" name=\"Questions-16533\" value=\"EN\" \/><span class=\"wpcf7-list-item-label\">EN<\/span><\/label><\/span><span class=\"wpcf7-list-item last\"><label><input type=\"radio\" name=\"Questions-16533\" value=\"ZH\" \/><span class=\"wpcf7-list-item-label\">ZH<\/span><\/label><\/span><\/span><\/span>\n\t\t\t\t<\/p>\n\t\t\t<\/div>\n\t\t\t<div class=\"col-form\">\n\t\t\t\t<p><span class=\"wpcf7-form-control-wrap\" data-name=\"Questions-105751-\"><span class=\"wpcf7-form-control wpcf7-checkbox\"><span class=\"wpcf7-list-item first last\"><label><input type=\"checkbox\" name=\"Questions-105751-[]\" value=\"Je d\u00e9sire devenir Courtier Privil\u00e8ge et j\u2019accepte de recevoir les nouvelles, invitations et promotions de Devimco Immobilier.\" \/><span class=\"wpcf7-list-item-label\">Je d\u00e9sire devenir Courtier Privil\u00e8ge et j\u2019accepte de recevoir les nouvelles, invitations et promotions de Devimco Immobilier.<\/span><\/label><\/span><\/span><\/span>\n\t\t\t\t<\/p>\n\t\t\t<\/div>\n\t\t<\/div>\n\t\t<div class=\"row-form\">\n\t\t\t<div  class=\"col-form\">\n\t\t\t<div class=\"wpcf7-turnstile cf-turnstile\" data-sitekey=\"0x4AAAAAACIUfmsMp8263ZCq\" data-response-field-name=\"_wpcf7_turnstile_response\"><\/div>\n\t\t\t<\/div>\n\t\t<\/div>\n\t\t<div class=\"row-form row-btn\" style=\" position:relative; text-align:center; display:block; margin:25px auto;\">\n\t\t\t<div class=\"btn-ligne\">\n\t\t\t<\/div>\n\t\t\t<p><input class=\"wpcf7-form-control wpcf7-submit has-spinner\" type=\"submit\" value=\"Soumettre\" \/>\n\t\t\t<\/p>\n\t\t<\/div>\n\t<\/div>\n<\/div>\n<p><script type=\"text\/javascript\">\nif(document.querySelector(\"#gclid\").value != \"\") {\n document.querySelector(\"#utm_sourcetype\").value = \"adwords\";\n}\n\/*document.querySelector(\"#utm_sourcetype\").value = 23551;\ndocument.querySelector(\"#utm_sourcetype\").name = \"SourceTypeID\";*\/\njQuery(document).ready(function($){\n $('input[name=\"Questions-16533\"]').change(function(){\n document.querySelector(\"#followUpProcessId\").value = getLangueFollowUp($(this).val());\n document.querySelector(\"#registrationPageIdentifier\").value = getRep($(this).val());\n })\n});\nfunction getLangueFollowUp(v)\n{\n var langue_followup = \"\";\n switch(v) {\n\n \tcase \"FR\":\n\t\tlangue_followup = \"65661\";\n\t\tbreak;\n\tcase \"EN\" :\n\t\tlangue_followup = \"65660\";\n\t\tbreak;\n\tcase \"ZH\" :\n\t\tlangue_followup = \"65662\";\n\t\tbreak;\n\tdefault :\n\t\tlangue_followup = \"65661\";\n\t\tbreak;\n }\n return langue_followup;\n}\nfunction getRep(v)\n{\n var langue_followup = \"\";\n switch(v) {\n \tcase \"Fran\u00e7ais\":\n\t\tlangue_followup = \"online\";\n\t\tbreak;\n\tcase \"Anglais\" :\n\t\tlangue_followup = \"online\";\n\t\tbreak;\n\tcase \"Mandarin\" :\n\t\tlangue_followup = \"mandarin\";\n\t\tbreak;\n\tdefault :\n\t\tlangue_followup = \"online\";\n\t\tbreak;\n }\n return langue_followup;\n}\n<\/script>\n<\/p><div class=\"wpcf7-response-output\" aria-hidden=\"true\"><\/div>\n<\/form>\n<\/div>\n[mk_padding_divider size=\u00a0\u00bb75&Prime;][\/vc_column][\/vc_row][\/vc_section]\n<\/div>","protected":false},"excerpt":{"rendered":"<p>[vc_section][vc_row fullwidth=\u00a0\u00bbtrue\u00a0\u00bb][vc_column][vc_single_image image=\u00a0\u00bb9&Prime; img_size=\u00a0\u00bbfull\u00a0\u00bb alignment=\u00a0\u00bbcenter\u00a0\u00bb css_animation=\u00a0\u00bbnone\u00a0\u00bb el_class=\u00a0\u00bbimg-radius\u00a0\u00bb][\/vc_column][\/vc_row][\/vc_section][vc_section][vc_row][vc_column][mk_padding_divider size=\u00a0\u00bb50&Prime; visibility=\u00a0\u00bbhidden-sm\u00a0\u00bb][vc_column_text disable_pattern=\u00a0\u00bbfalse\u00a0\u00bb align=\u00a0\u00bbcenter\u00a0\u00bb el_class=\u00a0\u00bbcontenu-padding\u00a0\u00bb css=\u00a0\u00bb.vc_custom_1698343230544{margin-bottom: 0px !important;}\u00a0\u00bb] Courtiers Privil\u00e8ges &nbsp; Inscrivez-vous \u00e0 la plateforme Courtiers Privil\u00e8ges et profitez d\u2019un acc\u00e8s complet \u00e0 tous les renseignements concernant les projets immobiliers de Devimco Immobilier ainsi qu\u2019\u00e0 nos offres et promotions en cours. Devimco Immobilier est fier de travailler avec [&hellip;]<\/p>\n","protected":false},"author":1,"featured_media":0,"parent":0,"menu_order":0,"comment_status":"closed","ping_status":"closed","template":"","meta":{"_acf_changed":false,"footnotes":""},"class_list":["post-8","page","type-page","status-publish","hentry"],"acf":[],"yoast_head":"<!-- This site is optimized with the Yoast SEO plugin v26.9 - https:\/\/yoast.com\/product\/yoast-seo-wordpress\/ -->\n<title>Devimco | Courtiers Privil\u00e8ges<\/title>\n<meta name=\"description\" content=\"Vous \u00eates courtier immobilier? Devenez Courtier Privil\u00e8ge chez Devimco Immobilier et profitez d\u2019une foule d\u2019avantages pour vous et vos clients!\" \/>\n<meta name=\"robots\" content=\"index, nofollow, max-snippet:-1, max-image-preview:large, max-video-preview:-1\" \/>\n<link rel=\"canonical\" href=\"https:\/\/devimco.com\/courtiers\/\" \/>\n<meta property=\"og:locale\" content=\"fr_FR\" \/>\n<meta property=\"og:type\" content=\"article\" \/>\n<meta property=\"og:title\" content=\"Devimco | Courtiers Privil\u00e8ges\" \/>\n<meta property=\"og:description\" content=\"Vous \u00eates courtier immobilier? Devenez Courtier Privil\u00e8ge chez Devimco Immobilier et profitez d\u2019une foule d\u2019avantages pour vous et vos clients!\" \/>\n<meta property=\"og:url\" content=\"https:\/\/devimco.com\/courtiers\/\" \/>\n<meta property=\"og:site_name\" content=\"Devimco Immobilier - Courtiers\" \/>\n<meta property=\"article:publisher\" content=\"https:\/\/www.facebook.com\/groupedevimco\" \/>\n<meta property=\"article:modified_time\" content=\"2024-02-05T14:58:33+00:00\" \/>\n<meta name=\"twitter:card\" content=\"summary_large_image\" \/>\n<meta name=\"twitter:label1\" content=\"Dur\u00e9e de lecture estim\u00e9e\" \/>\n\t<meta name=\"twitter:data1\" content=\"1 minute\" \/>\n<script type=\"application\/ld+json\" class=\"yoast-schema-graph\">{\"@context\":\"https:\/\/schema.org\",\"@graph\":[{\"@type\":\"WebPage\",\"@id\":\"https:\/\/devimco.com\/courtiers\/\",\"url\":\"https:\/\/devimco.com\/courtiers\/\",\"name\":\"Devimco | Courtiers Privil\u00e8ges\",\"isPartOf\":{\"@id\":\"https:\/\/devimco.com\/courtiers\/#website\"},\"datePublished\":\"2023-07-04T21:08:55+00:00\",\"dateModified\":\"2024-02-05T14:58:33+00:00\",\"description\":\"Vous \u00eates courtier immobilier? Devenez Courtier Privil\u00e8ge chez Devimco Immobilier et profitez d\u2019une foule d\u2019avantages pour vous et vos clients!\",\"breadcrumb\":{\"@id\":\"https:\/\/devimco.com\/courtiers\/#breadcrumb\"},\"inLanguage\":\"fr-FR\",\"potentialAction\":[{\"@type\":\"ReadAction\",\"target\":[\"https:\/\/devimco.com\/courtiers\/\"]}]},{\"@type\":\"BreadcrumbList\",\"@id\":\"https:\/\/devimco.com\/courtiers\/#breadcrumb\",\"itemListElement\":[{\"@type\":\"ListItem\",\"position\":1,\"name\":\"Accueil\",\"item\":\"https:\/\/devimco.com\/courtiers\/\"},{\"@type\":\"ListItem\",\"position\":2,\"name\":\"Accueil\"}]},{\"@type\":\"WebSite\",\"@id\":\"https:\/\/devimco.com\/courtiers\/#website\",\"url\":\"https:\/\/devimco.com\/courtiers\/\",\"name\":\"Devimco Immobilier - Courtiers\",\"description\":\"\",\"publisher\":{\"@id\":\"https:\/\/devimco.com\/courtiers\/#organization\"},\"potentialAction\":[{\"@type\":\"SearchAction\",\"target\":{\"@type\":\"EntryPoint\",\"urlTemplate\":\"https:\/\/devimco.com\/courtiers\/?s={search_term_string}\"},\"query-input\":{\"@type\":\"PropertyValueSpecification\",\"valueRequired\":true,\"valueName\":\"search_term_string\"}}],\"inLanguage\":\"fr-FR\"},{\"@type\":\"Organization\",\"@id\":\"https:\/\/devimco.com\/courtiers\/#organization\",\"name\":\"Devimco Immobilier - Courtiers\",\"url\":\"https:\/\/devimco.com\/courtiers\/\",\"logo\":{\"@type\":\"ImageObject\",\"inLanguage\":\"fr-FR\",\"@id\":\"https:\/\/devimco.com\/courtiers\/#\/schema\/logo\/image\/\",\"url\":\"https:\/\/devimco.com\/courtiers\/wp-content\/uploads\/2023\/07\/logo-noir-devimco-immobilier.png\",\"contentUrl\":\"https:\/\/devimco.com\/courtiers\/wp-content\/uploads\/2023\/07\/logo-noir-devimco-immobilier.png\",\"width\":300,\"height\":184,\"caption\":\"Devimco Immobilier - Courtiers\"},\"image\":{\"@id\":\"https:\/\/devimco.com\/courtiers\/#\/schema\/logo\/image\/\"},\"sameAs\":[\"https:\/\/www.facebook.com\/groupedevimco\",\"https:\/\/www.instagram.com\/groupedevimco\/\",\"https:\/\/www.linkedin.com\/company\/devimco\",\"https:\/\/www.youtube.com\/channel\/UC1dxN7Pufvp-TP30VsBqO8w\"]}]}<\/script>\n<!-- \/ Yoast SEO plugin. -->","yoast_head_json":{"title":"Devimco | Courtiers Privil\u00e8ges","description":"Vous \u00eates courtier immobilier? Devenez Courtier Privil\u00e8ge chez Devimco Immobilier et profitez d\u2019une foule d\u2019avantages pour vous et vos clients!","robots":{"index":"index","follow":"nofollow","max-snippet":"max-snippet:-1","max-image-preview":"max-image-preview:large","max-video-preview":"max-video-preview:-1"},"canonical":"https:\/\/devimco.com\/courtiers\/","og_locale":"fr_FR","og_type":"article","og_title":"Devimco | Courtiers Privil\u00e8ges","og_description":"Vous \u00eates courtier immobilier? Devenez Courtier Privil\u00e8ge chez Devimco Immobilier et profitez d\u2019une foule d\u2019avantages pour vous et vos clients!","og_url":"https:\/\/devimco.com\/courtiers\/","og_site_name":"Devimco Immobilier - Courtiers","article_publisher":"https:\/\/www.facebook.com\/groupedevimco","article_modified_time":"2024-02-05T14:58:33+00:00","twitter_card":"summary_large_image","twitter_misc":{"Dur\u00e9e de lecture estim\u00e9e":"1 minute"},"schema":{"@context":"https:\/\/schema.org","@graph":[{"@type":"WebPage","@id":"https:\/\/devimco.com\/courtiers\/","url":"https:\/\/devimco.com\/courtiers\/","name":"Devimco | Courtiers Privil\u00e8ges","isPartOf":{"@id":"https:\/\/devimco.com\/courtiers\/#website"},"datePublished":"2023-07-04T21:08:55+00:00","dateModified":"2024-02-05T14:58:33+00:00","description":"Vous \u00eates courtier immobilier? Devenez Courtier Privil\u00e8ge chez Devimco Immobilier et profitez d\u2019une foule d\u2019avantages pour vous et vos clients!","breadcrumb":{"@id":"https:\/\/devimco.com\/courtiers\/#breadcrumb"},"inLanguage":"fr-FR","potentialAction":[{"@type":"ReadAction","target":["https:\/\/devimco.com\/courtiers\/"]}]},{"@type":"BreadcrumbList","@id":"https:\/\/devimco.com\/courtiers\/#breadcrumb","itemListElement":[{"@type":"ListItem","position":1,"name":"Accueil","item":"https:\/\/devimco.com\/courtiers\/"},{"@type":"ListItem","position":2,"name":"Accueil"}]},{"@type":"WebSite","@id":"https:\/\/devimco.com\/courtiers\/#website","url":"https:\/\/devimco.com\/courtiers\/","name":"Devimco Immobilier - Courtiers","description":"","publisher":{"@id":"https:\/\/devimco.com\/courtiers\/#organization"},"potentialAction":[{"@type":"SearchAction","target":{"@type":"EntryPoint","urlTemplate":"https:\/\/devimco.com\/courtiers\/?s={search_term_string}"},"query-input":{"@type":"PropertyValueSpecification","valueRequired":true,"valueName":"search_term_string"}}],"inLanguage":"fr-FR"},{"@type":"Organization","@id":"https:\/\/devimco.com\/courtiers\/#organization","name":"Devimco Immobilier - Courtiers","url":"https:\/\/devimco.com\/courtiers\/","logo":{"@type":"ImageObject","inLanguage":"fr-FR","@id":"https:\/\/devimco.com\/courtiers\/#\/schema\/logo\/image\/","url":"https:\/\/devimco.com\/courtiers\/wp-content\/uploads\/2023\/07\/logo-noir-devimco-immobilier.png","contentUrl":"https:\/\/devimco.com\/courtiers\/wp-content\/uploads\/2023\/07\/logo-noir-devimco-immobilier.png","width":300,"height":184,"caption":"Devimco Immobilier - Courtiers"},"image":{"@id":"https:\/\/devimco.com\/courtiers\/#\/schema\/logo\/image\/"},"sameAs":["https:\/\/www.facebook.com\/groupedevimco","https:\/\/www.instagram.com\/groupedevimco\/","https:\/\/www.linkedin.com\/company\/devimco","https:\/\/www.youtube.com\/channel\/UC1dxN7Pufvp-TP30VsBqO8w"]}]}},"_links":{"self":[{"href":"https:\/\/devimco.com\/courtiers\/wp-json\/wp\/v2\/pages\/8","targetHints":{"allow":["GET"]}}],"collection":[{"href":"https:\/\/devimco.com\/courtiers\/wp-json\/wp\/v2\/pages"}],"about":[{"href":"https:\/\/devimco.com\/courtiers\/wp-json\/wp\/v2\/types\/page"}],"author":[{"embeddable":true,"href":"https:\/\/devimco.com\/courtiers\/wp-json\/wp\/v2\/users\/1"}],"replies":[{"embeddable":true,"href":"https:\/\/devimco.com\/courtiers\/wp-json\/wp\/v2\/comments?post=8"}],"version-history":[{"count":42,"href":"https:\/\/devimco.com\/courtiers\/wp-json\/wp\/v2\/pages\/8\/revisions"}],"predecessor-version":[{"id":376,"href":"https:\/\/devimco.com\/courtiers\/wp-json\/wp\/v2\/pages\/8\/revisions\/376"}],"wp:attachment":[{"href":"https:\/\/devimco.com\/courtiers\/wp-json\/wp\/v2\/media?parent=8"}],"curies":[{"name":"wp","href":"https:\/\/api.w.org\/{rel}","templated":true}]}}